[INFO] cloning repository https://github.com/EpicCash/testing
[INFO] running `Command { std: "git" "-c" "credential.helper=" "-c" "credential.helper=/workspace/cargo-home/bin/git-credential-null" "clone" "--bare" "https://github.com/EpicCash/testing" "/workspace/cache/git-repos/https%3A%2F%2Fgithub.com%2FEpicCash%2Ftesting", kill_on_drop: false }`
[INFO] [stderr] Cloning into bare repository '/workspace/cache/git-repos/https%3A%2F%2Fgithub.com%2FEpicCash%2Ftesting'...
[INFO] running `Command { std: "git" "rev-parse" "HEAD", kill_on_drop: false }`
[INFO] [stdout] 4091c7a3fc5ca56725ed31055f4e16d9ed6e521d
[INFO] checking EpicCash/testing against master#9610dfe5a9a731ced1ea4923ecbd0c57fe367898 for beta-170-4
[INFO] running `Command { std: "git" "clone" "/workspace/cache/git-repos/https%3A%2F%2Fgithub.com%2FEpicCash%2Ftesting" "/workspace/builds/worker-2-tc1/source", kill_on_drop: false }`
[INFO] [stderr] Cloning into '/workspace/builds/worker-2-tc1/source'...
[INFO] [stderr] done.
[INFO] validating manifest of git repo https://github.com/EpicCash/testing on toolchain 9610dfe5a9a731ced1ea4923ecbd0c57fe367898
[INFO] running `Command { std: CARGO_HOME="/workspace/cargo-home" RUSTUP_HOME="/workspace/rustup-home" "/workspace/cargo-home/bin/cargo" "+9610dfe5a9a731ced1ea4923ecbd0c57fe367898" "metadata" "--manifest-path" "Cargo.toml" "--no-deps", kill_on_drop: false }`
[INFO] started tweaking git repo https://github.com/EpicCash/testing
[INFO] removed 0 missing tests
[INFO] finished tweaking git repo https://github.com/EpicCash/testing
[INFO] tweaked toml for git repo https://github.com/EpicCash/testing written to /workspace/builds/worker-2-tc1/source/Cargo.toml
[INFO] crate git repo https://github.com/EpicCash/testing already has a lockfile, it will not be regenerated
[INFO] running `Command { std: CARGO_HOME="/workspace/cargo-home" RUSTUP_HOME="/workspace/rustup-home" "/workspace/cargo-home/bin/cargo" "+9610dfe5a9a731ced1ea4923ecbd0c57fe367898" "fetch" "--manifest-path" "Cargo.toml", kill_on_drop: false }`
[INFO] [stderr]     Updating crates.io index
[INFO] [stderr]  Downloading crates ...
[INFO] [stderr]   Downloaded synthez v0.2.0
[INFO] [stderr]   Downloaded synthez-core v0.2.0
[INFO] [stderr]   Downloaded typed-builder v0.7.1
[INFO] [stderr]   Downloaded sealed v0.4.0
[INFO] [stderr]   Downloaded synthez-codegen v0.2.0
[INFO] [stderr]   Downloaded sealed v0.3.0
[INFO] [stderr]   Downloaded cucumber-expressions v0.2.1
[INFO] [stderr]   Downloaded gherkin v0.12.0
[INFO] [stderr]   Downloaded nom_locate v4.0.0
[INFO] [stderr]   Downloaded cucumber-codegen v0.13.0
[INFO] [stderr]   Downloaded cucumber v0.13.0
[INFO] running `Command { std: "docker" "create" "-v" "/var/lib/crater-agent-workspace/builds/worker-2-tc1/target:/opt/rustwide/target:rw,Z" "-v" "/var/lib/crater-agent-workspace/builds/worker-2-tc1/source:/opt/rustwide/workdir:ro,Z" "-v" "/var/lib/crater-agent-workspace/cargo-home:/opt/rustwide/cargo-home:ro,Z" "-v" "/var/lib/crater-agent-workspace/rustup-home:/opt/rustwide/rustup-home:ro,Z" "-e" "SOURCE_DIR=/opt/rustwide/workdir" "-e" "CARGO_TARGET_DIR=/opt/rustwide/target" "-e" "CARGO_HOME=/opt/rustwide/cargo-home" "-e" "RUSTUP_HOME=/opt/rustwide/rustup-home" "-w" "/opt/rustwide/workdir" "-m" "1610612736" "--user" "0:0" "--network" "none" "ghcr.io/rust-lang/crates-build-env/linux@sha256:19e73879b68f455e41552ea35293514db52ea292d993f571636dbffedb77a1ee" "/opt/rustwide/cargo-home/bin/cargo" "+9610dfe5a9a731ced1ea4923ecbd0c57fe367898" "metadata" "--no-deps" "--format-version=1", kill_on_drop: false }`
[INFO] [stdout] c1b21d5a8a6310d85b4d73de14f72efd59f7a68158c3d73b347f521c99f6b4ee
[INFO] running `Command { std: "docker" "start" "-a" "c1b21d5a8a6310d85b4d73de14f72efd59f7a68158c3d73b347f521c99f6b4ee", kill_on_drop: false }`
[INFO] running `Command { std: "docker" "inspect" "c1b21d5a8a6310d85b4d73de14f72efd59f7a68158c3d73b347f521c99f6b4ee", kill_on_drop: false }`
[INFO] running `Command { std: "docker" "rm" "-f" "c1b21d5a8a6310d85b4d73de14f72efd59f7a68158c3d73b347f521c99f6b4ee", kill_on_drop: false }`
[INFO] [stdout] c1b21d5a8a6310d85b4d73de14f72efd59f7a68158c3d73b347f521c99f6b4ee
[INFO] running `Command { std: "docker" "create" "-v" "/var/lib/crater-agent-workspace/builds/worker-2-tc1/target:/opt/rustwide/target:rw,Z" "-v" "/var/lib/crater-agent-workspace/builds/worker-2-tc1/source:/opt/rustwide/workdir:ro,Z" "-v" "/var/lib/crater-agent-workspace/cargo-home:/opt/rustwide/cargo-home:ro,Z" "-v" "/var/lib/crater-agent-workspace/rustup-home:/opt/rustwide/rustup-home:ro,Z" "-e" "SOURCE_DIR=/opt/rustwide/workdir" "-e" "CARGO_TARGET_DIR=/opt/rustwide/target" "-e" "CARGO_INCREMENTAL=0" "-e" "RUST_BACKTRACE=full" "-e" "RUSTFLAGS=--cap-lints=forbid" "-e" "RUSTDOCFLAGS=--cap-lints=forbid" "-e" "CARGO_HOME=/opt/rustwide/cargo-home" "-e" "RUSTUP_HOME=/opt/rustwide/rustup-home" "-w" "/opt/rustwide/workdir" "-m" "1610612736" "--user" "0:0" "--network" "none" "ghcr.io/rust-lang/crates-build-env/linux@sha256:19e73879b68f455e41552ea35293514db52ea292d993f571636dbffedb77a1ee" "/opt/rustwide/cargo-home/bin/cargo" "+9610dfe5a9a731ced1ea4923ecbd0c57fe367898" "check" "--frozen" "--all" "--all-targets" "--message-format=json", kill_on_drop: false }`
[INFO] [stdout] de41eed769a2d25ec57e50d37d3aadd6853f1565e4a2cad3ecd6b3f3deddc942
[INFO] running `Command { std: "docker" "start" "-a" "de41eed769a2d25ec57e50d37d3aadd6853f1565e4a2cad3ecd6b3f3deddc942", kill_on_drop: false }`
[INFO] [stderr]    Compiling syn v1.0.99
[INFO] [stderr]    Compiling memchr v2.5.0
[INFO] [stderr]     Checking smallvec v1.9.0
[INFO] [stderr]    Compiling unicode-segmentation v1.9.0
[INFO] [stderr]    Compiling parking_lot_core v0.9.3
[INFO] [stderr]    Compiling serde_derive v1.0.144
[INFO] [stderr]    Compiling futures-core v0.3.23
[INFO] [stderr]    Compiling serde v1.0.144
[INFO] [stderr]    Compiling slab v0.4.7
[INFO] [stderr]    Compiling serde_json v1.0.85
[INFO] [stderr]    Compiling futures-channel v0.3.23
[INFO] [stderr]    Compiling heck v0.3.3
[INFO] [stderr]     Checking once_cell v1.13.1
[INFO] [stderr]     Checking regex-syntax v0.6.27
[INFO] [stderr]    Compiling futures-task v0.3.23
[INFO] [stderr]    Compiling ryu v1.0.11
[INFO] [stderr]    Compiling itoa v1.0.3
[INFO] [stderr]    Compiling futures-util v0.3.23
[INFO] [stderr]    Compiling crossbeam-utils v0.8.11
[INFO] [stderr]     Checking aho-corasick v0.7.18
[INFO] [stderr]    Compiling minimal-lexical v0.2.1
[INFO] [stderr]     Checking futures-sink v0.3.23
[INFO] [stderr]    Compiling nom v7.1.1
[INFO] [stderr]     Checking bstr v0.2.17
[INFO] [stderr]    Compiling bytecount v0.6.3
[INFO] [stderr]     Checking futures-io v0.3.23
[INFO] [stderr]    Compiling peg-runtime v0.6.3
[INFO] [stderr]     Checking same-file v1.0.6
[INFO] [stderr]     Checking unicode-width v0.1.9
[INFO] [stderr]    Compiling either v1.8.0
[INFO] [stderr]    Compiling peg-macros v0.6.3
[INFO] [stderr]     Checking walkdir v2.3.2
[INFO] [stderr]     Checking thread_local v1.1.4
[INFO] [stderr]    Compiling tokio v1.20.1
[INFO] [stderr]     Checking regex v1.6.0
[INFO] [stderr]    Compiling async-trait v0.1.57
[INFO] [stderr]    Compiling itertools v0.10.3
[INFO] [stderr]     Checking textwrap v0.12.1
[INFO] [stderr]     Checking num_cpus v1.13.1
[INFO] [stderr]    Compiling inflections v1.1.1
[INFO] [stderr]     Checking globset v0.4.9
[INFO] [stderr]     Checking textwrap v0.15.0
[INFO] [stderr]    Compiling nom_locate v4.0.0
[INFO] [stderr]     Checking ignore v0.4.18
[INFO] [stderr]     Checking peg v0.6.3
[INFO] [stderr]     Checking console v0.15.1
[INFO] [stderr]     Checking linked-hash-map v0.5.6
[INFO] [stderr]     Checking globwalk v0.8.1
[INFO] [stderr]    Compiling proc-macro-error v1.0.4
[INFO] [stderr]    Compiling sealed v0.3.0
[INFO] [stderr]    Compiling futures-macro v0.3.23
[INFO] [stderr]    Compiling derive_more v0.99.17
[INFO] [stderr]    Compiling thiserror-impl v1.0.32
[INFO] [stderr]    Compiling tokio-macros v1.8.0
[INFO] [stderr]    Compiling ctor v0.1.23
[INFO] [stderr]    Compiling ghost v0.1.6
[INFO] [stderr]    Compiling synthez-core v0.2.0
[INFO] [stderr]    Compiling clap_derive v3.2.17
[INFO] [stderr]    Compiling typed-builder v0.7.1
[INFO] [stderr]    Compiling synthez-codegen v0.2.0
[INFO] [stderr]     Checking thiserror v1.0.32
[INFO] [stderr]     Checking inventory v0.2.3
[INFO] [stderr]    Compiling sealed v0.4.0
[INFO] [stderr]     Checking testing v0.1.0 (/opt/rustwide/workdir)
[INFO] [stderr]    Compiling synthez v0.2.0
[INFO] [stderr]    Compiling cucumber-expressions v0.2.1
[INFO] [stderr]     Checking clap v3.2.17
[INFO] [stderr]    Compiling cucumber-codegen v0.13.0
[INFO] [stderr]     Checking futures-executor v0.3.23
[INFO] [stderr]     Checking futures v0.3.23
[INFO] [stderr]    Compiling gherkin v0.12.0
[INFO] [stderr]     Checking cucumber v0.13.0
[INFO] [stdout] error[E0432]: unresolved import `cucumber_rust`
[INFO] [stdout]  --> tests/floonet.rs:1:5
[INFO] [stdout]   |
[INFO] [stdout] 1 | use cucumber_rust::{async_trait, Cucumber, World};
[INFO] [stdout]   |     ^^^^^^^^^^^^^ use of undeclared crate or module `cucumber_rust`
[INFO] [stdout] 
[INFO] [stdout] 
[INFO] [stdout] error[E0432]: unresolved import `cucumber_rust`
[INFO] [stdout]  --> tests/outputs_list.rs:1:5
[INFO] [stdout]   |
[INFO] [stdout] 1 | use cucumber_rust::{async_trait, Cucumber, World};
[INFO] [stdout]   |     ^^^^^^^^^^^^^ use of undeclared crate or module `cucumber_rust`
[INFO] [stdout] 
[INFO] [stdout] 
[INFO] [stdout] error[E0432]: unresolved import `cucumber_rust`
[INFO] [stdout]   --> tests/floonet.rs:22:9
[INFO] [stdout]    |
[INFO] [stdout] 22 |     use cucumber_rust::Steps;
[INFO] [stdout]    |         ^^^^^^^^^^^^^ use of undeclared crate or module `cucumber_rust`
[INFO] [stdout] 
[INFO] [stdout] 
[INFO] [stdout] error[E0432]: unresolved import `cucumber_rust`
[INFO] [stdout]   --> tests/outputs_list.rs:22:9
[INFO] [stdout]    |
[INFO] [stdout] 22 |     use cucumber_rust::Steps;
[INFO] [stdout]    |         ^^^^^^^^^^^^^ use of undeclared crate or module `cucumber_rust`
[INFO] [stdout] 
[INFO] [stdout] 
[INFO] [stdout] error: cannot determine resolution for the attribute macro `async_trait`
[INFO] [stdout]   --> tests/outputs_list.rs:11:3
[INFO] [stdout]    |
[INFO] [stdout] 11 | #[async_trait(?Send)]
[INFO] [stdout]    |   ^^^^^^^^^^^
[INFO] [stdout]    |
[INFO] [stdout]    = note: import resolution is stuck, try simplifying macro imports
[INFO] [stdout] 
[INFO] [stdout] 
[INFO] [stdout] error: cannot determine resolution for the attribute macro `async_trait`
[INFO] [stdout]   --> tests/floonet.rs:11:3
[INFO] [stdout]    |
[INFO] [stdout] 11 | #[async_trait(?Send)]
[INFO] [stdout]    |   ^^^^^^^^^^^
[INFO] [stdout]    |
[INFO] [stdout]    = note: import resolution is stuck, try simplifying macro imports
[INFO] [stdout] 
[INFO] [stdout] 
[INFO] [stdout] error[E0432]: unresolved import `cucumber_rust`
[INFO] [stdout]  --> tests/mining.rs:1:5
[INFO] [stdout]   |
[INFO] [stdout] 1 | use cucumber_rust::{async_trait, Cucumber, World};
[INFO] [stdout]   |     ^^^^^^^^^^^^^ use of undeclared crate or module `cucumber_rust`
[INFO] [stdout] 
[INFO] [stdout] 
[INFO] [stdout] error[E0432]: unresolved import `cucumber_rust`
[INFO] [stdout]   --> tests/mining.rs:22:9
[INFO] [stdout]    |
[INFO] [stdout] 22 |     use cucumber_rust::Steps;
[INFO] [stdout]    |         ^^^^^^^^^^^^^ use of undeclared crate or module `cucumber_rust`
[INFO] [stdout] 
[INFO] [stdout] 
[INFO] [stdout] error: cannot determine resolution for the attribute macro `async_trait`
[INFO] [stdout]   --> tests/mining.rs:11:3
[INFO] [stdout]    |
[INFO] [stdout] 11 | #[async_trait(?Send)]
[INFO] [stdout]    |   ^^^^^^^^^^^
[INFO] [stdout]    |
[INFO] [stdout]    = note: import resolution is stuck, try simplifying macro imports
[INFO] [stdout] 
[INFO] [stdout] 
[INFO] [stdout] error[E0706]: functions in traits cannot be declared `async`
[INFO] [stdout]   --> tests/floonet.rs:15:5
[INFO] [stdout]    |
[INFO] [stdout] 15 |     async fn new() -> Result<Self, Infallible> {
[INFO] [stdout]    |     -----^^^^^^^^^^^^^^^^^^^^^^^^^^^^^^^^^^^^^
[INFO] [stdout]    |     |
[INFO] [stdout]    |     `async` because of this
[INFO] [stdout]    |
[INFO] [stdout]    = note: `async` trait functions are not currently supported
[INFO] [stdout]    = note: consider using the `async-trait` crate: https://crates.io/crates/async-trait
[INFO] [stdout]    = note: see issue #91611 <https://github.com/rust-lang/rust/issues/91611> for more information
[INFO] [stdout]    = help: add `#![feature(async_fn_in_trait)]` to the crate attributes to enable
[INFO] [stdout] 
[INFO] [stdout] 
[INFO] [stdout] error[E0706]: functions in traits cannot be declared `async`
[INFO] [stdout]   --> tests/outputs_list.rs:15:5
[INFO] [stdout]    |
[INFO] [stdout] 15 |     async fn new() -> Result<Self, Infallible> {
[INFO] [stdout]    |     -----^^^^^^^^^^^^^^^^^^^^^^^^^^^^^^^^^^^^^
[INFO] [stdout]    |     |
[INFO] [stdout]    |     `async` because of this
[INFO] [stdout]    |
[INFO] [stdout]    = note: `async` trait functions are not currently supported
[INFO] [stdout]    = note: consider using the `async-trait` crate: https://crates.io/crates/async-trait
[INFO] [stdout]    = note: see issue #91611 <https://github.com/rust-lang/rust/issues/91611> for more information
[INFO] [stdout]    = help: add `#![feature(async_fn_in_trait)]` to the crate attributes to enable
[INFO] [stdout] 
[INFO] [stdout] 
[INFO] [stdout] error[E0706]: functions in traits cannot be declared `async`
[INFO] [stdout]   --> tests/mining.rs:15:5
[INFO] [stdout]    |
[INFO] [stdout] 15 |     async fn new() -> Result<Self, Infallible> {
[INFO] [stdout]    |     -----^^^^^^^^^^^^^^^^^^^^^^^^^^^^^^^^^^^^^
[INFO] [stdout]    |     |
[INFO] [stdout]    |     `async` because of this
[INFO] [stdout]    |
[INFO] [stdout]    = note: `async` trait functions are not currently supported
[INFO] [stdout]    = note: consider using the `async-trait` crate: https://crates.io/crates/async-trait
[INFO] [stdout]    = note: see issue #91611 <https://github.com/rust-lang/rust/issues/91611> for more information
[INFO] [stdout]    = help: add `#![feature(async_fn_in_trait)]` to the crate attributes to enable
[INFO] [stdout] 
[INFO] [stdout] 
[INFO] [stdout] error: aborting due to 4 previous errors
[INFO] [stdout] 
[INFO] [stdout] 
[INFO] [stdout] error: aborting due to 4 previous errors
[INFO] [stdout] 
[INFO] [stdout] 
[INFO] [stdout] Some errors have detailed explanations: E0432, E0706.
[INFO] [stdout] 
[INFO] [stdout] For more information about an error, try `rustc --explain E0432`.
[INFO] [stdout] 
[INFO] [stdout] error: aborting due to 4 previous errors
[INFO] [stdout] 
[INFO] [stdout] 
[INFO] [stdout] Some errors have detailed explanations: E0432, E0706.
[INFO] [stdout] 
[INFO] [stdout] For more information about an error, try `rustc --explain E0432`.
[INFO] [stdout] 
[INFO] [stdout] Some errors have detailed explanations: E0432, E0706.
[INFO] [stdout] 
[INFO] [stdout] For more information about an error, try `rustc --explain E0432`.
[INFO] [stdout] 
[INFO] [stdout] error[E0432]: unresolved import `cucumber_rust`
[INFO] [stdout]  --> tests/transactions.rs:1:5
[INFO] [stdout]   |
[INFO] [stdout] 1 | use cucumber_rust::{async_trait, Cucumber, World};
[INFO] [stdout]   |     ^^^^^^^^^^^^^ use of undeclared crate or module `cucumber_rust`
[INFO] [stdout] 
[INFO] [stdout] 
[INFO] [stdout] error[E0432]: unresolved import `cucumber_rust`
[INFO] [stdout]   --> tests/transactions.rs:22:9
[INFO] [stdout]    |
[INFO] [stdout] 22 |     use cucumber_rust::Steps;
[INFO] [stdout]    |         ^^^^^^^^^^^^^ use of undeclared crate or module `cucumber_rust`
[INFO] [stdout] 
[INFO] [stdout] 
[INFO] [stdout] error: cannot determine resolution for the attribute macro `async_trait`
[INFO] [stdout]   --> tests/transactions.rs:11:3
[INFO] [stdout]    |
[INFO] [stdout] 11 | #[async_trait(?Send)]
[INFO] [stdout]    |   ^^^^^^^^^^^
[INFO] [stdout]    |
[INFO] [stdout]    = note: import resolution is stuck, try simplifying macro imports
[INFO] [stdout] 
[INFO] [stdout] 
[INFO] [stdout] error[E0706]: functions in traits cannot be declared `async`
[INFO] [stdout]   --> tests/transactions.rs:15:5
[INFO] [stdout]    |
[INFO] [stdout] 15 |     async fn new() -> Result<Self, Infallible> {
[INFO] [stdout]    |     -----^^^^^^^^^^^^^^^^^^^^^^^^^^^^^^^^^^^^^
[INFO] [stdout]    |     |
[INFO] [stdout]    |     `async` because of this
[INFO] [stdout]    |
[INFO] [stdout]    = note: `async` trait functions are not currently supported
[INFO] [stdout]    = note: consider using the `async-trait` crate: https://crates.io/crates/async-trait
[INFO] [stdout]    = note: see issue #91611 <https://github.com/rust-lang/rust/issues/91611> for more information
[INFO] [stdout]    = help: add `#![feature(async_fn_in_trait)]` to the crate attributes to enable
[INFO] [stdout] 
[INFO] [stdout] 
[INFO] [stderr] error: could not compile `testing` (test "outputs_list") due to 5 previous errors
[INFO] [stderr] warning: build failed, waiting for other jobs to finish...
[INFO] [stdout] error[E0432]: unresolved import `cucumber_rust`
[INFO] [stdout]  --> tests/wallet_recovery.rs:1:5
[INFO] [stdout]   |
[INFO] [stdout] 1 | use cucumber_rust::{async_trait, Cucumber, World};
[INFO] [stdout]   |     ^^^^^^^^^^^^^ use of undeclared crate or module `cucumber_rust`
[INFO] [stdout] 
[INFO] [stdout] 
[INFO] [stdout] error[E0432]: unresolved import `cucumber_rust`
[INFO] [stdout]   --> tests/wallet_recovery.rs:22:9
[INFO] [stdout]    |
[INFO] [stdout] 22 |     use cucumber_rust::Steps;
[INFO] [stdout]    |         ^^^^^^^^^^^^^ use of undeclared crate or module `cucumber_rust`
[INFO] [stdout] 
[INFO] [stdout] 
[INFO] [stdout] error: cannot determine resolution for the attribute macro `async_trait`
[INFO] [stdout]   --> tests/wallet_recovery.rs:11:3
[INFO] [stdout]    |
[INFO] [stdout] 11 | #[async_trait(?Send)]
[INFO] [stdout]    |   ^^^^^^^^^^^
[INFO] [stdout]    |
[INFO] [stdout]    = note: import resolution is stuck, try simplifying macro imports
[INFO] [stdout] 
[INFO] [stdout] 
[INFO] [stdout] error[E0706]: functions in traits cannot be declared `async`
[INFO] [stdout]   --> tests/wallet_recovery.rs:15:5
[INFO] [stdout]    |
[INFO] [stdout] 15 |     async fn new() -> Result<Self, Infallible> {
[INFO] [stdout]    |     -----^^^^^^^^^^^^^^^^^^^^^^^^^^^^^^^^^^^^^
[INFO] [stdout]    |     |
[INFO] [stdout]    |     `async` because of this
[INFO] [stdout]    |
[INFO] [stdout]    = note: `async` trait functions are not currently supported
[INFO] [stdout]    = note: consider using the `async-trait` crate: https://crates.io/crates/async-trait
[INFO] [stdout]    = note: see issue #91611 <https://github.com/rust-lang/rust/issues/91611> for more information
[INFO] [stdout]    = help: add `#![feature(async_fn_in_trait)]` to the crate attributes to enable
[INFO] [stdout] 
[INFO] [stdout] 
[INFO] [stdout] error: aborting due to 4 previous errors
[INFO] [stdout] 
[INFO] [stdout] 
[INFO] [stderr] error: could not compile `testing` (test "floonet") due to 5 previous errors
[INFO] [stdout] Some errors have detailed explanations: E0432, E0706.
[INFO] [stdout] 
[INFO] [stdout] For more information about an error, try `rustc --explain E0432`.
[INFO] [stdout] 
[INFO] [stderr] error: could not compile `testing` (test "mining") due to 5 previous errors
[INFO] [stderr] error: could not compile `testing` (test "transactions") due to 5 previous errors
[INFO] [stdout] error: aborting due to 4 previous errors
[INFO] [stdout] 
[INFO] [stdout] 
[INFO] [stderr] error: could not compile `testing` (test "wallet_recovery") due to 5 previous errors
[INFO] [stdout] Some errors have detailed explanations: E0432, E0706.
[INFO] [stdout] 
[INFO] [stdout] For more information about an error, try `rustc --explain E0432`.
[INFO] [stdout] 
[INFO] running `Command { std: "docker" "inspect" "de41eed769a2d25ec57e50d37d3aadd6853f1565e4a2cad3ecd6b3f3deddc942", kill_on_drop: false }`
[INFO] running `Command { std: "docker" "rm" "-f" "de41eed769a2d25ec57e50d37d3aadd6853f1565e4a2cad3ecd6b3f3deddc942", kill_on_drop: false }`
[INFO] [stdout] de41eed769a2d25ec57e50d37d3aadd6853f1565e4a2cad3ecd6b3f3deddc942
